 what is -3 + -b?
-e
In base 5, what is 30 + -324?
-244
In base 7, what is 1 + -142?
-141
In base 11, what is 0 - -420?
420
In base 14, what is -2c + a4?
76
In base 4, what is -3 - -20221?
20212
In base 16, what is -1 - -c6?
c5
In base 12, what is 18 + 41?
59
In base 16, what is b5 - -1?
b6
In base 4, what is -13 - -11313?
11300
In base 5, what is -20201 - 2?
-20203
In base 5, what is -11002 - 0?
-11002
In base 4, what is 11 + -103120?
-103103
In base 12, what is -7 + 2426?
241b
In base 6, what is 32352 + 3?
32355
In base 13, what is -3 - -2c?
29
In base 9, what is 86 - 2?
84
In base 10, what is 18 + 15?
33
In base 7, what is -6 + 2611?
2602
In base 2, what is -100 + 10001001?
10000101
In base 13, what is -5 - 37?
-3c
In base 14, what is -1 + -5b?
-5c
In base 14, what is 62 - -1?
63
In base 3, what is -1100120 - -10?
-1100110
In base 10, what is -1087 + 0?
-1087
In base 12, what is -5 + -28?
-31
In base 5, what is 1210 + -23?
1132
In base 13, what is -809 - 0?
-809
In base 11, what is -19 + 349?
330
In base 11, what is -533 + 3?
-530
In base 15, what is 4 - 2?
2
In base 7, what is 3 - 1?
2
In base 15, what is -b63 + 0?
-b63
In base 2, what is 1010010110 + 0?
1010010110
In base 5, what is -2100 + -2?
-2102
In base 12, what is b4 - 54?
60
In base 11, what is -4 + 188?
184
In base 3, what is -10 + 1210?
1200
In base 12, what is 3572 - -4?
3576
In base 8, what is 4373 - -5?
4400
In base 12, what is 6a + -41?
29
In base 15, what is 4b2c - 4?
4b28
In base 16, what is 10 + 149?
159
In base 9, what is -71 - 112?
-183
In base 15, what is -28 - 4?
-2c
In base 12, what is 0 - -157?
157
In base 15, what is -98 + 2?
-96
In base 4, what is 0 - -1211?
1211
In base 13, what is 268 + -4?
264
In base 12, what is 0 + -147?
-147
In base 3, what is 1 - 11102?
-11101
In base 4, what is 3 - 1023?
-1020
In base 3, what is 22111120 - -12?
22111202
In base 11, what is 3 - 348?
-345
In base 6, what is -4153 - 3?
-4200
In base 4, what is 1 + -120102?
-120101
In base 9, what is -4 - -1030?
1025
In base 14, what is -22bd + -1?
-22c0
In base 11, what is -14 - -31?
18
In base 5, what is -1210 - 3?
-1213
In base 9, what is -814 - 10?
-824
In base 9, what is -10575 - 4?
-10580
In base 11, what is 758 + -9?
74a
In base 9, what is 1 + -32?
-31
In base 6, what is 4 - 130?
-122
In base 10, what is -62 + -156?
-218
In base 13, what is -165 + 2?
-163
In base 15, what is -16 - -127?
111
In base 13, what is 132 - -12?
144
In base 15, what is -35 - -e6?
b1
In base 12, what is -40aa - 2?
-40b0
In base 16, what is 8 - -16?
1e
In base 9, what is -1757 + -4?
-1762
In base 11, what is -161 + 1a?
-142
In base 16, what is 6fe - 0?
6fe
In base 8, what is 70 - 240?
-150
In base 2, what is 100010001 + -10?
100001111
In base 11, what is 1 - 662?
-661
In base 7, what is -431 - 10?
-441
In base 4, what is 0 + 230?
230
In base 2, what is 10011000 + 100101?
10111101
In base 3, what is -2 - -2002?
2000
In base 2, what is -11010101 - -1?
-11010100
In base 10, what is -10 + 8?
-2
In base 10, what is 0 + 1872?
1872
In base 4, what is -2 + 1032213?
1032211
In base 7, what is -11 + 2211?
2200
In base 4, what is -201 - -10?
-131
In base 12, what is -28 + -12?
-3a
In base 12, what is 498 - 6?
492
In base 6, what is -4 + -154?
-202
In base 16, what is 1d - d?
10
In base 12, what is -5 - -26?
21
In base 16, what is -38 + d?
-2b
In base 16, what is 2 - -2?
4
In base 9, what is 5 - -3?
8
In base 4, what is -12100 - 0?
-12100
In base 2, what is 11 + -1101?
-1010
In base 11, what is 912 - -1?
913
In base 11, what is 0 + 1287?
1287
In base 9, what is -5 + -250?
-255
In base 3, what is 1000 - -11?
1011
In base 15, what is -76 - -9?
-6c
In base 8, what is -111 + 224?
113
In base 3, what is 21021 + -2021?
12000
In base 6, what is 20 - -51?
111
In base 11, what is -303 + 7?
-2a7
In base 14, what is 0 + 2a3?
2a3
In base 8, what is -152 - 3?
-155
In base 2, what is 11 - -100110010?
100110101
In base 3, what is -101 - -1112?
1011
In base 10, what is 3 + 119?
122
In base 12, what is 8 - 547?
-53b
In base 8, what is -20 - -16?
-2
In base 4, what is -11 - -11221?
11210
In base 14, what is -b - c?
-19
In base 4, what is 3 + 3002?
3011
In base 6, what is 120 - -113?
233
In base 4, what is 11 - 20130?
-20113
In base 8, what is 21 - 14?
5
In base 7, what is 26 + -6?
20
In base 3, what is 12002221 + -12?
12002202
In base 12, what is -27a + -4?
-282
In base 13, what is 0 + -378?
-378
In base 5, what is -33343 - -3?
-33340
In base 15, what is -1cb2 - 3?
-1cb5
In base 7, what is -3034 + 1?
-3033
In base 15, what is -11 + 1?
-10
In base 12, what is 0 - -1aa?
1aa
In base 16, what is -3 + 54?
51
In base 3, what is 12211 + 201?
20112
In base 14, what is -b - -1a5?
198
In base 6, what is -22 + 0?
-22
In base 8, what is -71 + 0?
-71
In base 7, what is -5 + 12241?
12233
In base 7, what is -10 - -324?
314
In base 4, what is 1111 - -10123?
11300
In base 7, what is 2052 + 2?
2054
In base 8, what is -3 - 20?
-23
In base 3, what is 2 + 22012?
22021
In base 14, what is -3 + -55c?
-561
In base 6, what is 15013 + 3?
15020
In base 15, what is 7 + 17?
1e
In base 6, what is -313 + -4?
-321
In base 7, what is 1 - 34316?
-34315
In base 6, what is -131 - -13?
-114
In base 12, what is -1442 - 0?
-1442
In base 2, what is -11 + -11010110010?
-11010110101
In base 6, what is 12005 + -3?
12002
In base 12, what is -3 + -32b0?
-32b3
In base 7, what is 144 + -25?
116
In base 16, what is -5 + -1e?
-23
In base 8, what is -2 + 106?
104
In base 8, what is 1123 - -2?
1125
In base 13, what is 68 - -5?
70
In base 7, what is 236 + -3?
233
In base 15, what is 5d78 + 5?
5d7d
In base 15, what is 5 - -68?
6d
In base 9, what is 881 - -5?
886
In base 16, what is c - 3?
9
In base 7, what is 113 - 2?
111
In base 9, what is 57 - 568?
-511
In base 13, what is -4 + -262?
-266
In base 14, what is 6c7 + 2?
6c9
In base 3, what is 10 + 110202?
110212
In base 15, what is -5 + 81?
7b
In base 8, what is -20 + -102?
-122
In base 12, what is -2 - 16?
-18
In base 9, what is 5 + 88?
104
In base 6, what is -2353 - -1?
-2352
In base 4, what is -1123302 + 2?
-1123300
In base 4, what is 3 + 2230?
2233
In base 15, what is 1a5d + 5?
1a63
In base 10, what is 213 - 2?
211
In base 7, what is 4 + -61?
-54
In base 12, what is -5 - -151?
148
In base 14, what is 0 + -3?
-3
In base 16, what is -248 - 4?
-24c
In base 6, what is 1015 + 251?
1310
In base 13, what is -20 + 30?
10
In base 14, what is -3 - 4ca?
-4cd
In base 15, what is 0 + 2?
2
In base 6, what is 0 - -1?
1
In base 10, what is 6 - 720?
-714
In base 11, what is 20 - 0?
20
In base 14, what is 32a - 0?
32a
In base 2, what is -101 + 100?
-1
In base 7, what is -313 + -100?
-413
In base 7, what is 4 - 546?
-542
In base 8, what is 11 + 257?
270
In base 4, what is 221101 - 2?
221033
In base 10, what is -92 + -5?
-97
In base 7, what is -4346 + 5?
-4341
In base 5, what is 1 - -234?
240
In base 10, what is -86 + 2?
-84
In base 11, what is 153 - 4?
14a
In base 4, what is 3 - 22230?
-22221
In base 6, what is -2 - -103?
101
In base 13, what is -1cc + -9?
-208
In base 8, what is 141 - 2?
137
In base 7, what is 4 + 23420?
23424
In base 12, what is 3 - -230?
233
In base 15, what is 3 + 10a9?
10ac
In base 14, what is -1 + -5b?
-5c
In base 6, what is 103454 - 3?
103451
In base 15, what is -3 + -105?
-108
In base 10, what is -4 - 119?
-123
In base 8, what is 272 + 24?
316
In base 15, what is -428 + 4?
-424
In base 16, what is 7d - 4?
79
In base 12, what is 0 + 108?
108
In base 4, what is -11 + 302?
231
In base 8, what is -63460 - 1?
-63461
In base 16, what is -28 + -26?
-4e
In base 6, what is -4020 + 20?
-4000
In base 9, what is 5 - -1121?
1126
In base 16, what is -83 + -3?
-86
In base 15, what is d - -15?
23
In base 10, what is -1097 + 4?
-1093
In base 14, what is 36 + 35?
6b
In base 6, what is -5 - -203?
154
In base 13, what is 3 + 48?
4b
In base 10, what is -37303 + 0?
-37303
In base 16, what is -6e8 - -9?
-6df
In base 9, what is -280 + 4?
-275
In base 9, what is 5 - -158?
164
In base 16, what is 27b1 + 3?
27b4
In base 16, what is 6 - 35?
-2f
In base 2, what is -101 - 101111001?
-101111110
In base 14, what is -5 + 21?
1a
In base 11, what is 9 + -5?
4
In base 3, what is 10 - 11001202?
-11001122
In base 7, what is 2 - 44?
-42
In base 8, what is -3 - -3325?
33